e 4/(-6) - h/(-3). Let k(i) = -5*i**2 + i. What is k(u)?
-4
Let k(v) = -v**2 + 5*v + 4. Let x(q) be the first derivative of -q**3/3 + 2*q**2 + 3*q + 7. Let a(n) = -5*k(n) + 6*x(n). What is a(-2)?
-4
Let t(m) = -7*m - m - 3*m + 4 + 4*m + m**2. Calculate t(5).
-6
Let a(s) = -s**3 - s**2 - s + 1. Let m(v) = -5*v**3 - 4*v**2 - 4*v + 4. Let f(q) = -4*a(q) + m(q). Let u = -2 + 3. Calculate f(u).
-1
Let k = 20 + -15. Let l(f) = f**2 - 7*f + 3. Determine l(k).
-7
Let f(t) = 4*t - 5. Let m(p) = -2*p + 6. Let h be m(-6). Suppose 4 = 5*y - 2*r - 12, -5*y + h = -r. Give f(y).
11
Let l(j) = 6*j**3 - j**2. Let g(y) = 5 + 0*y**2 - 2*y**2 - 6*y + y**2 + y. Let u be g(-6). Calculate l(u).
-7
Let f(h) be the first derivative of h**4/6 - 7*h**3/6 + 5*h**2/2 - 3*h - 2. Let t(v) be the first derivative of f(v). What is t(4)?
9
Let m(f) = f**2 + f. Let s be m(-1). Suppose s = p - 1. Suppose 4*w + 3 = -p. Let h(a) = -5*a**3 - 1. Calculate h(w).
4
Let p(a) = 11*a + 1. Let u(r) = -2*r**3 + 19*r**2 + 11*r - 11. Let o be u(10). Determine p(o).
-10
Let m(h) = 4*h + 11. Let s be m(-3). Let u(c) = c**3 + c + 1. Give u(s).
-1
Let f be (-4 + 3)/((-1)/25). Suppose 4*m + m = -f. Let w = m - -3. Let g(o) = o**3 + 2*o**2 + o - 1. Calculate g(w).
-3
Let o = -64 + 96. Suppose -4*g - 4*h = o, -3*g + 6*g - 11 = 4*h. Let j(x) = -x**3 - 3*x**2 - 3*x - 4. Give j(g).
5
Let t(f) be the third derivative of f**5/60 + f**4/24 + 7*f**3/6 - 6*f**2. Give t(0).
7
Let a(f) = f. Let l(j) = -16*j + 4*j + 10*j + j. Let z(c) = -2*a(c) - 3*l(c). What is z(5)?
5
Let s(p) = p**3 + 5*p**2 + 4*p + 3. Let i = -117 - -113. Determine s(i).
3
Let y(t) = t**2 + 6*t - 4. Suppose 0 = d + 3*d + 16. Determine y(d).
-12
Suppose 0 = 6*d - d. Let w(i) = -1 + 0*i + d*i + i. What is w(6)?
5
Suppose 5 - 8 = v. Let a(c) = -2*c**2 - 3*c - 2. Calculate a(v).
-11
Let z(d) = -2*d**2 + 2*d - 7. Let w be z(2). Let t(n) = -n**3 - 10*n**2 + 11*n - 3. Give t(w).
-3
Let y(l) be the first derivative of l**2/2 - l - 1. Let t(n) = n**2 - 5*n - 6. Let v be t(6). Suppose 5*x - x = v. Give y(x).
-1
Let j(d) = 7*d**3 + 1. Suppose -21 + 9 = -3*f. Suppose f*q = -2*h, 0 = -0*q + 2*q - 3*h. Let x = 1 - q. What is j(x)?
8
Let l(c) = c**3 + 8*c**2 - c - 1. Let p(j) = -j**3 - 7*j**2 + 1. Let v(h) = -2*l(h) - 3*p(h). Let d = -19 - -15. Give v(d).
7
Suppose 5*g = 3*g - 4. Let f = g + 5. Suppose 3*s = -3*z - 18, s + s + f = z. Let b(u) = -u**3 - 3*u**2 - 3*u. Determine b(z).
9
Suppose 0*s - 3*s = -6. Suppose -3*i = -6*h + 2*h + 24, -2*h + 14 = -s*i. Suppose 5*k = -h + 23. Let b(w) = -w**3 + 4*w**2 - 3*w + 6. Calculate b(k).
-6
Let q(w) = w**3 - 5*w**2 + 5*w - 3. Let l(j) = 2*j**2 - 8*j + 4. Let y be l(4). Give q(y).
1
Suppose -5 = -z + 4*l, 6*z - 2*l - 4 = 4*z. Let g = z + -2. Let v be (-1 + g/(-1))/2. Let w(q) = q - 1. Give w(v).
-1
Let j be 3 - 0*(-3)/6. Suppose -j*b - 2*o + 1 = 5, -2*o + 2 = 0. Let v(n) = -3*n - 3. Give v(b).
3
Let s(n) = n**2 + 3*n - 6. Let h = 21 - 26. What is s(h)?
4
Let l(s) = -5*s**3 + s**2 - 1. Let c(m) = -14*m**3 + 3*m**2 - 3. Let r(w) = -3*c(w) + 8*l(w). Determine r(-1).
-2
Let v(m) = 6*m - 1. Let q(w) = w**2 + 2*w + 1. Let r be q(-2). Give v(r).
5
Let d(z) = -10*z - 11*z + 22*z + 6. Calculate d(-7).
-1
Let y(h) = -h**3 + h**2 + h + 8. Suppose 4*m + 5*r + 1 - 22 = 0, -4*m - 2*r + 18 = 0. Suppose 4*z = g - 3, 2*z - m*g + 12 = -0*z. Give y(z).
8
Let h(w) be the third derivative of w**4/24 + w**3 + 3*w**2. Suppose -8 = -2*k, -8 = -0*j - j - 2*k. Give h(j).
6
Suppose -9 = 3*i + 3. Let q(g) be the second derivative of 0 + 1/2*g**2 + g + 1/12*g**4 + g**3. Give q(i).
-7
Let x(r) = -r**3 - 7*r**2 + 8*r - 6. Let i be x(-8). Let w(f) be the second derivative of f**4/12 + f**3/2 - 7*f**2/2 + 2*f. Calculate w(i).
11
Let f(y) be the first derivative of -y**5/20 - y**4/3 - 3*y**2/2 + 8*y + 5. Let h(g) be the first derivative of f(g). What is h(-4)?
-3
Let a be (-12 - -4)/((-1)/1). Suppose 4*k = -3*w + a, -2*k = 3*k - 2*w - 10. Let p(l) = 47*l**2 + 2*l**3 - 53*l**k - 5 - l**3. Determine p(6).
-5
Suppose -4*r = -183 + 67. Suppose -r = -5*c + 4*u, c - 4*u = -0*u + 9. Let z(g) = g**2 - 3*g - 1. Calculate z(c).
9
Let w(k) = -5*k + 0 - 8*k**2 - 3 + 9*k**2. Calculate w(4).
-7
Let y(n) = -2*n**2 - 15*n - 1. Let v be y(-7). Let i(c) = c**3 - 6*c**2 + 2*c - 4. Determine i(v).
8
Let f(l) = -l**3 - 4*l**2 - 3*l - 3. Let s(i) = i**2 - 5*i + 4. Let j be (-1)/((-2 + 1)/3). Let q be s(j). Let y = -1 + q. Give f(y).
-3
Let z(l) = 8 - 4 - 4*l**3 - 5 + 0. What is z(-1)?
3
Let l = -2 - -5. Let n(i) be the second derivative of -i**4/4 + 5*i**3/6 + i**2 - 2*i. Let m(a) = 7*a**2 - 11*a - 4. Let v(j) = 2*m(j) + 5*n(j). Determine v(l).
2
Let s = 118 - 117. Let d(o) = 10*o**3 - o + 1. Determine d(s).
10
Let d(b) = b - 3. Let n = 2 - 1. Suppose 0 = -m + 4 + n. Suppose -3 = -2*o + m. Calculate d(o).
1
Suppose 0 = -3*b + 8*b - 30. Let k(l) be the second derivative of l**5/20 - 5*l**4/12 - 4*l**3/3 + 9*l**2/2 + 11*l. Give k(b).
-3
Let s(k) = 5*k + k + 1 - 4*k. Calculate s(4).
9
Let b(s) = -s**3 - 5*s**2 + s + 9. Suppose 8 = g - 4*x - 1, 3*x = -5*g - 1. Let j(t) = t**2 - 1. Let m(n) = g*b(n) + 6*j(n). Let d = 1 - 1. Give m(d).
3
Let n(z) be the first derivative of -z**3/3 + 3*z**2/2 - 3*z + 22. Let u be ((-8)/(-10))/((-6)/(-15)). Determine n(u).
-1
Let z(f) = -2*f + 7. Suppose 2*k - r = 11, 3*k + 4*r - 25 + 3 = 0. Give z(k).
-5
Let z = 2 - 6. Let n be 1*-1 + (-12)/z. Let m(t) = 0 + 2 - n - 6 - 3*t. Give m(-4).
6
Let p(c) = -c**2 - 5*c - 2. Let z(v) = -4*v**2 - 2*v - 1. Let i be z(-1). What is p(i)?
4
Suppose 0 = 3*m + 3, h - m - 8 = -3. Let g(l) be the second derivative of l**3/6 - l**2/2 + l. Determine g(h).
3
Let x = 0 - -3. Let z(j) be the second derivative of 2*j + 5/6*j**x - 3/2*j**2 + 0. What is z(2)?
7
Let k be 0 - (0 + 8/(-4)). Let s(q) be the second derivative of q**5/20 - q**4/6 + q**3/3 - q**2/2 + q. Calculate s(k).
3
Suppose -3*o - y = -8, o - 4 = 3*o + 3*y. Suppose -2*f = -o + 2. Let l = f + 1. Let s(t) = -t + 3. Determine s(l).
1
Suppose -3*p + 43 = -2*f, -5*p = -f + 6 - 66. Let b(z) = -7 - 4 - z + p. Give b(-2).
2
Let n(x) be the third derivative of x**8/6720 - x**7/630 + x**6/720 - x**5/60 + 5*x**4/24 + x**2. Let j(a) be the second derivative of n(a). Calculate j(3).
-8
Let c(w) = -w**2 - 4. Suppose -4*o + 0*o + 36 = 0. Let d = -9 + o. What is c(d)?
-4
Suppose 0*c - 4*h = -4*c, 5*c = -3*h. Let z(i) = -i**3 + i**2 + 1. Let t(f) = -f**3 + 2*f**2 + f + 5. Let u(r) = t(r) - 2*z(r). What is u(c)?
3
Let z(m) = m**3 - m**2 - 1. Let l be z(2). Let n(i) be the third derivative of 0*i**4 + 1/60*i**5 + 0 - 1/6*i**l + 0*i + 2*i**2 - 1/120*i**6. Give n(-1).
1
Suppose 2*k - 5*a + 2*a = 13, -5*a = -4*k + 25. Let b(z) = z**2 - 5*z - 6. What is b(k)?
-6
Let m(h) = -4*h**2 - 12 + 3*h**3 + 0*h**3 - 4*h**3 + 5*h**2. Calculate m(0).
-12
Let y(x) = x**3 - 3*x**2 + 4*x - 3. Let o = -2 + 3. Let v = 3 - o. Determine y(v).
1
Suppose -3*t - 2*t = 0. Let d be 3*(3 + t + -2). Let s(g) = 5*g**2 + 0*g - 3*g - 3*g + 0*g + g**d - 5. Determine s(-6).
-5
Let d(f) be the third derivative of -f**5/60 - f**4/24 + f**2. Let w(c) = -7*c**2 - 7*c + 1. Let i(l) = -6*d(l) + w(l). What is i(-2)?
-1
Suppose -13 - 1 = -g + 5*l, l = -5*g - 34. Let a(d) = -d**2 - 4*d - 1. Give a(g).
-13
Let x(c) = -2*c**2 + 5*c. Let t(b) = -2*b**2 + 6*b. Let u(d) = -3*t(d) + 4*x(d). Suppose 0 = -i + 3 + 3. Suppose -i = 3*f - 15. Give u(f).
-12
Let m(i) = i**3 + 10*i**2 + 11*i + 13. Let v be m(-9). Let o(g) = -3*g - 1. Calculate o(v).
14
Let w(k) = k**2 - 5*k + 6. Let x(g) = -g**3 + 9*g**2 - 11*g - 16. Let u be x(7). Give w(u).
6
Let l(q) = q**3 - 1. Let n be l(1). Let w(r) = 3*r + 2. Let b(z) = -4*z - 3. Let y(f) = -2*b(f) - 3*w(f). Determine y(n).
0
Let u = 10 - 16. Let i(o) = -o - 2. Give i(u).
4
Let b(s) = 2*s**2 - s. Let m be b(-1). Let y(p) = -5*p. Calculate y(m).
-15
Let a(i) = -i - 12. Let u = 40 - 45. Calculate a(u).
-7
Let x(r) = r**2 - 3*r + 5. Let i be x(2). Let l(w) = -2*w. Determine l(i).
-6
Let a(t) = -t**2 + 8*t + 10. Let h be (-4)/(4/(-3)) + (0 - -6). Calculate a(h).
1
Let x(v) = -4*v. Suppose -z - z + 124 = 0. Suppose 5*k + 2*u - 74 = 0, 3*u + z = 5*k - u. Suppose 4*m - 3*n = k, -5 = 3*n + 1. Give x(m).
-8
Let v(x) = -x - 3. Let k be v(-8). Let s be (-1)/k - 76/20. Let a(l) = l**3 + 4*l**2